 is the value of -412 - -363 - (-62 + 5)?
8
What is the value of 8 - -1 - (23 + -42 + 1 + 69)?
-42
What is -120 - -124 - (52 + 1) - (-3 + -8)?
-38
Evaluate 17 - (-17 + (-5 - (8 + 10 + -24))).
33
Calculate -35 + (-88 + 34 - -86).
-3
Evaluate 21 - (63 + -4 + -16) - 15.
-37
15 + -16 + -65 - -84
18
What is -23 - -59 - (260 + -251)?
27
-78 + 7 - (572 - 709)
66
Evaluate -12 - (7 + 44 + 55).
-118
What is the value of (-3 + -7 - 3) + 25 - (-1 + -29)?
42
Evaluate 31 + 11 + -7 - 68.
-33
Calculate 10150 - 10149 - (100 + 3 + -6 - (0 + -1)).
-97
(-9 + 0 - (230 - 267)) + -17
11
What is 4 + (-4 - (-9 - -15)) + -5 + -15 - -9?
-17
What is the value of -25 + -6 + 6 - (-14 - -9)?
-20
What is (-12 - 5) + (4 - 8) - (-3 - 5 - -4)?
-17
What is -17 - (-464 + 461 + (-8 - -1))?
-7
Evaluate 1 - 2 - -41 - (-32 - (70 - 109)).
33
What is the value of 3 + 0 + 0 + 253 + -247 - (-1 - 4)?
14
-52 + 47 + 34 + -39
-10
What is the value of -38 + (14 - (39 + -19) - -11 - -14)?
-19
What is the value of 28 + (60 - 25) + -84?
-21
Evaluate 4 - ((1 - (-5 - -12)) + 8 - -6 - -56).
-60
What is the value of 2 + -2 + -20 + (-29 - (-4 - 33))?
-12
Calculate (22 - (47 - 10) - -4) + (-10 - 1).
-22
Evaluate (95 - 98) + 7 - (44 + (0 + -3 - -1)).
-38
What is 11 + -10 + 19 + (7 - 7) + 8?
28
Evaluate 46 + (-10 + 52 - 19 - (0 + 18)).
51
What is the value of (-17 - -9) + -12 + 22 + 40 + 7?
49
Calculate (2 - -20) + -104 + 89 - (7 - -79 - 12).
-67
(-16 - -25) + (3 - (25 + 23))
-36
What is the value of 367 - 380 - (-1 - (13 + 4))?
5
What is 207 + -217 - (3 + (-3 - 0)) - -6?
-4
What is the value of 8 - (-86 + 166 + -74)?
2
What is -27 + 39 + -8 + 53 + 0 + (-1 - 5)?
51
What is -150 + 184 + 0 + -74?
-40
What is 2622 - 2726 - (-2 + (2 + -2 - -5) + -3)?
-104
(46 - (-17 - (29 + -14))) + -1
77
What is (2283 - 2193) + -11 + -9 + (-2 - -7)?
75
What is (-1 - (-2 - 35)) + (941 - 876)?
101
(-13 - -10) + 19 + -5 + 0 + -26
-15
Calculate -74 + (121 - 44) + (0 - -128 - -1).
132
What is 2612 + -2732 + 1 + 65?
-54
-17 - (21 + (12 - 45) + -18)
13
-14 - (23 + -10 - (-14 + -9 + 24 + 6))
-20
What is the value of 3 - (-17 - -13) - (12 + -5 + -10)?
10
What is 44 - ((-21 - -64) + 47)?
-46
3 + 5 - (58 + -140 - -64)
26
Evaluate 69 + -33 + -15 + 30 + 20 + 11.
82
Evaluate (-15 - (19 - 20)) + (-6 - (-1 + -60)).
41
What is (-112 - -13) + -1 + 46?
-54
Calculate 435 - 104 - 142 - 106.
83
Calculate -14 + 30 - (-4 - 18) - 0.
38
Evaluate -26 + 54 + (-23 - -13 - -84).
102
Calculate -31 - (-48 - (-18 + -6) - -80).
-87
4 + -5 - -3 - (-11 - (-13 + 7))
7
Evaluate (-67 - 18) + 155 - -2.
72
Evaluate -12 - (-56 + -5 + 35).
14
Evaluate (-29 + 35 - (-3 - 1 - -47 - -4)) + 4.
-37
What is 14 - (42 + -18 - (-1 - -5))?
-6
-12 - -101 - -5 - (143 + -129)
80
What is -19 + 22 + 9 + 2?
14
What is -81 - -3 - (-297 + 246)?
-27
(-7 - -1) + 0 + (17 - 6) + 18 + 44
67
What is (2 - (0 - -17) - (-4 + -27)) + -27 + 44?
33
-242 + 224 - (5 - (4 - -2 - 3) - 0)
-20
Calculate 16 + (-27 + 16 - 6) - (-3 - -24).
-22
2 + (-1 - -6) - (63 + (12 - 32))
-36
What is -19 + 46 + -63 - (-96 + 7)?
53
What is the value of -881 - -854 - (-2 - (-16 + 1))?
-40
(14 - 1 - (9 + (-7 - -24))) + 39
26
What is the value of 111 - (110 + -44) - (0 - -116)?
-71
Evaluate (-81 - -98) + (8 - 8) + -1.
16
10 + 636 + -634 + (7 - 0) + (38 - 2)
55
Evaluate (-4 - -1) + -32 + 9 + (44 - 72).
-54
Calculate -225 - -116 - (6 - 250).
135
9 - 67 - (19 + -22 + (10 - -4))
-69
What is -48 + -11 + 25 + -14 - ((10 - 22) + 23)?
-59
What is the value of -184 - -82 - -93 - (1 - 17)?
7
What is 2 + -101 + (22 - (-29 + 28))?
-76
Evaluate (6 - ((5 - 10) + 9)) + (-68 - 1).
-67
What is -9 + (-27 - (16 + -49)) + -63?
-66
What is the value of ((54 - 22) + -21 - (-1 - -13)) + (-11 - 19)?
-31
Calculate 2149 + -2165 - (28 - (1 - (0 + 3))).
-46
5 + -15 - (4 + -14 - (-15 + -10))
-25
(-25 - -8) + 39 + -17 + -15
-10
Calculate 11 + -4 + -29 + 57 + -10.
25
What is the value of -41 + (33 - (25 + -75)) + -40?
2
What is (39 - 2) + (-11 - (13 + 0 + -15) - -3)?
31
Evaluate -38 + -2 - (442 - 456).
-26
Evaluate 199 + -159 + -15 + -64.
-39
Evaluate 911 + -905 + (-1 - -6 - -18).
29
What is 59 + 44 + 53 + -141?
15
Evaluate 1 - -64 - ((-45 - -53 - 6) + -16).
79
Calculate (-14 - 8) + (18 - -63 - -26) - (2 + -1).
84
What is (2 - -2 - (63 - -6 - 73)) + -107?
-99
What is the value of (-7 - (-2 + -7)) + (-9 - -19 - 70)?
-58
What is the value of 154 + -113 + 51 - 32?
60
Calculate 2 + -3 - 1 - 60 - (-30 - -106 - 83).
-55
Evaluate 3 + -3 + (2 - (0 + -3)) + 21 + -25.
1
What is -1 - 0 - (9 + -5 + 0) - (1908 + -1853)?
-60
Evaluate -5 - (3 - -2 - (91 - 81)).
0
What is (70 - 25 - -9) + -82?
-28
What is -28 - (294 - 303 - (-38 - 2))?
-59
(78 - 103) + 15 - (1 + -21) - 13
-3
What is the value of 4 + (-18 + 13 + (2 - 14) - 4) + 3?
-14
Evaluate -51 + -51 + (-10 - -20) + -11.
-103
What is the value of 5 + -3 + 80 - ((-19 - (-33 - -39)) + 18)?
89
Calculate (1 - 14) + 40 + -30 - (52 - 59) - -113.
117
0 + -2 - 0 - 2 - (6116 + -6107)
-13
(478 - 481) + -1 + -37
-41
Evaluate -8 + 5 + -5 + 1 + (59 - 60).
-8
90 - (106 - 202 - -236)
-50
Evaluate -108 + (-367 - -351 - (-5 + 1)).
-120
Calculate 1 - 60 - -8 - (-13 - (19 - 25)).
-44
What is 2533 + -2559 - (0 + 28)?
-54
Evaluate 6 - (58 - (8 + 1 - -1)).
-42
What is the value of -2 + (0 + 6 - (21 + -27))?
10
Calculate -45 + 28 - (-4 - ((-4 - -1) + 6)).
-10
Calculate -19 + 7 + (37 - 30) - 34.
-39
Calculate 38 - (-1 + -3 - (107 - 83)).
66
Calculate -1 + -1 + 1 - (20 + (-12 + 20 - -50)).
-79
2 - 48 - (-453 + 348)
59
3 - -1 - -5 - (-156 + 29 - 13) - 9
140
Calculate -27 + -7 + (100 - 76).
-10
Evaluate -134 + 54 + 189 + (1 - (16 + 1)).
93
What is the value of (2 - -2 - -38) + 3922 + -3875?
89
Evaluate (-22 - (-16 + -4)) + (6 - -3) + 6.
13
Evaluate (-172 - (-210 + 60)) + 69 + 2.
49
Calculate -54 + -10 + -1 + 22 + 10.
-33
Evaluate 24 + (21 + (3 - 43) - -9).
14
What is 25 + (-38 - -3) + 13 - -13?
16
What is the value of -44 - (18 - (35 + 60))?
33
What is the value of -29 + -4 + -23 + -12 - (5 - 17)?
-56
(181 - 220) + 77 - (37 - 0)
1
30 + (-4 - -61 - 64)
23
What is the value of -26 + (3 + (-5 - -15) + -5 - (-107 - -112))?
-23
59 + -152 + 24 + 62
-7
Evaluate 3 + 62 - (-1344 - -1348).
61
(-39 + 51 + -1 + 0 - (-5 - 5)) + -8
13
What is the value of -21 + (93 - 37) - -25?
60
Calculate (-2 - (11 + 32)) + 18.
-27
Evaluate (70 - -2 - ((9 - 23) + 25)) + 9.
70
Calculate -6 + -26 + 6 - (-1508 + 1474).
8
What is the value of -119 - -231 - ((-1 - 8) + 3 + 29)?
89
11 + (7 + 24 + -21 - -7)
28
Calculate (-10 + 23 - (12 + 11)) + 1 + -18.
-27
Evaluate 0 + 1 + -65 - (13 - (3 - (-16 + -3))).
-55
What is the value of (14 - 12 - -29) + 5?
36
Evaluate (22 + 16 - -16) + (43 - 13).
84
What is 16 + (-11 - 26) - (6 + -50)?
23
What is 22 - -1 - (-132 - -129) - (-16 - -2)?
40
Evaluate 3 + -20 + (-17 - 16).
-50
16 - (87 + 72) - -114
-29
What is (-2419 - -2442) + 21 + -1?
43
(262 - 224) + (6 + 1 - (-2 + -2))
49
What is the value of 12 + 50 - (6 + (6 - 1) + 16 + -18)?
53
Evaluate -370 + 353 + -69 + -3.
-89
Evaluate -5 + -1 + -5 + 6 + 0 + 4.
-1
12 - (-411 - -399 - (1 + 8))
33
Evaluate 49 - (-3 - (-42 + -31)).
-21
Evaluate -9 + -7 + 19 + -4 + 4 + 50.
53
What is the value of 9 + (4 + -29 - (4 + -15 + 5)) + -5?
-15
Calculate (3 + (-6 - 11) - -11) + 39.
36
What is the value of -181 - -22 - ((-63 - 16) + 34)?
-114
What is (-19 - (-23 + 8 + 52)) + (1 - -5) + 10?
-40
What is 9 + (-1 - -10 - (-16 + 36 + 38))?
-40
What is the value of 1 + -81 + -1 + (39 - (67 + (-40 - -2)))?
-71
What is 21 + 1 - (5 - 10) - 16?
11
What is (-5 - -1) + -58 - (-63 + 57) - (-3 + 2)?
-55
Calculate 19 + 2 + (-33 + 20 - 0) + -12.
-4
Evaluate -53 - ((-5 - (-1 - 10) - 18) + 6).
-47
-17 - -1 - (19 + -15) - 22
-42
(-43 - (-95 - 9)) + -68
-7
(0 - (-1 - 12)) + (40 - (69 - 61))
45
Evaluate 2 + 50 + -15 + -21 + -49.
-33
What is the value of -75 - (36 + -112) - (-3 - -26)?
-22
What is the value of (-27 - (4 - 11)) + -24 + 1 + 0?
-43
Calculate -21 - (-36 + 51 - (-6 + -8 + 20)).
-30
-15 + -38 + 38 - (20 - -3)
-38
What is -4 - (59 - -3) - (18 + -12)?
-72
What is the value of 66 - (173 - (25 + 51))?
-31
Calculate 14 + -21 + 5 - (-5 + (-31 - -4)).
30
Evaluate (-178 - (91 - 226)) + 16.
-27
Evaluate 73 + (0 - 12) + (-2 - (-2 + -3)).
64
-73 + 55 + 1 + -12
-29
Calculate (-30 - (23 - ((-9 - 4) + 50))) + 72.
56
Evaluate 144 